7 (base 13) in base 5?
214240023
10d63 (base 16) to base 11
478a4
What is -139242 (base 11) in base 14?
-59253
ce9404 (base 15) to base 2
100101100101011001110001
366440 (base 7) to base 9
112045
-273600 (base 9) to base 5
-20313243
-20466563 (base 7) to base 13
-487c01
Convert -40301550 (base 6) to base 2.
-100010111001011001010
Convert -16b680 (base 13) to base 4.
-2022222020
Convert 96436 (base 10) to base 7.
551104
What is 1776125 (base 8) in base 11?
328222
Convert 1000100001011011001101 (base 2) to base 11.
1296535
What is -26776 (base 12) in base 14?
-15414
What is 23207 (base 16) in base 3?
21022100212
What is -160405541 (base 7) in base 3?
-202021102220022
What is -2568a73 (base 11) in base 13?
-bc9863
Convert 3635654 (base 7) to base 16.
710c0
-211ba (base 16) to base 7
-1103236
What is 3575063 (base 8) in base 7?
11225451
What is 784125 (base 10) in base 12?
319939
-512a5 (base 11) to base 9
-123654
Convert 6b37 (base 14) to base 10.
18669
Convert -76761364 (base 8) to base 10.
-16507636
What is 2b0b86 (base 16) in base 8?
12605606
320131 (base 7) to base 2
1101011111111110
Convert -1200212101 (base 3) to base 8.
-101234
Convert 112088 (base 15) to base 8.
3073356
Convert -1253132 (base 7) to base 4.
-220020101
22621721 (base 9) to base 5
10303410201
What is 30310223231 (base 4) in base 12?
11613a5
4b75c1 (base 15) to base 6
205324014
What is -637103 (base 8) in base 4?
-303321003
Convert 4230525 (base 7) to base 12.
208139
What is -109a70 (base 12) in base 6?
-5411020
12020011210010 (base 3) to base 9
5204703
-242163 (base 7) to base 12
-21566
Convert 57827c (base 14) to base 10.
2980486
ead79 (base 15) to base 4
2312001003
What is 60837 (base 11) in base 13?
3159c
What is -562051 (base 7) in base 10?
-99163
What is -806080 (base 9) in base 16?
-746a6
Convert -102321321 (base 4) to base 11.
-531a4
Convert -d3642 (base 16) to base 13.
-244156
11b63 (base 15) to base 14
16888
Convert -20382c (base 14) to base 3.
-2001011000021
What is -27664371 (base 8) in base 5?
-3100042133
305479 (base 10) to base 14
7d47d
Convert 442131312 (base 6) to base 13.
1851809
31212002 (base 5) to base 16
3ec67
104025401 (base 7) to base 14
b86b71
What is -704531 (base 9) in base 3?
-210011121001
What is -320933 (base 12) in base 8?
-3005467
Convert 222331323210 (base 4) to base 7.
164511552
Convert 2132331304 (base 5) to base 11.
2644530
What is 1422112101 (base 5) in base 4?
32021010033
What is -103657 (base 9) in base 2?
-1111000101001110
What is d838 (base 15) in base 14?
12944
175562 (base 14) to base 3
1112201220202
-512154 (base 7) to base 15
-1ac90
-243491 (base 13) to base 15
-1210e5
-2460441 (base 9) to base 4
-11012312311
What is 110721 (base 10) in base 5?
12020341
What is 13320320 (base 5) in base 11?
92a63
Convert 235b2 (base 16) to base 8.
432662
-1101010100001001111010 (base 2) to base 9
-6508861
57296 (base 14) to base 4
303231210
-1102335 (base 11) to base 8
-7304473
34b3d (base 16) to base 3
101222010011
What is 112133333 (base 4) in base 7?
532454
1000101010100011 (base 2) to base 7
205321
Convert 188aa7 (base 14) to base 5.
210303321
-1000000000100101010010 (base 2) to base 10
-2099538
Convert -1321222122 (base 4) to base 16.
-79a9a
42493 (base 10) to base 13
16459
What is 101111010010100010 (base 2) in base 16?
2f4a2
-2001122330 (base 4) to base 15
-a7108
6894a (base 12) to base 6
2554134
Convert 5007676 (base 9) to base 10.
2662863
231014004 (base 5) to base 8
3740273
Convert -9693 (base 11) to base 10.
-12807
What is -10001000011010100000000 (base 2) in base 10?
-4470016
-2236216 (base 7) to base 10
-278284
-6691b (base 13) to base 6
-3553313
What is -25430114 (base 6) in base 2?
-11001010001100011110
What is -1659399 (base 11) in base 12?
-b41b96
-2985 (base 15) to base 9
-13178
What is -3215814 (base 10) in base 16?
-3111c6
What is 73613 (base 10) in base 7?
424421
Convert -254401253 (base 6) to base 10.
-4976961
Convert -53b78 (base 13) to base 6.
-3124414
What is -63e18 (base 15) in base 4?
-1031121320
Convert -563242 (base 8) to base 10.
-190114
Convert e9dd4 (base 16) to base 5.
221123113
What is -51112 (base 9) in base 3?
-1201010102
What is -22167214 (base 8) in base 10?
-4779660
What is -23303213220 (base 4) in base 16?
-2f39e8
What is -1242220 (base 5) in base 10?
-24685
Convert 1213298 (base 10) to base 8.
4501562
Convert 1650126 (base 7) to base 13.
80c3a
-3a4c5b (base 14) to base 15
-29ace6
What is 2012002222 (base 4) in base 16?
860aa
-12340236 (base 7) to base 14
-211b1d
-2124001 (base 7) to base 11
-167060
What is 4610250 (base 7) in base 11?
362263
-111023011131 (base 4) to base 16
-54b15d
-3311010323 (base 4) to base 8
-3650473
Convert 1000101011011011001 (base 2) to base 15.
593d7
What is 111111110000010 (base 2) in base 13?
11b1c
What is 430220405 (base 6) in base 9?
15227075
5005525 (base 7) to base 13
17885b
Convert -20241222 (base 5) to base 11.
-103120
357600 (base 12) to base 14
1867a8
-33242653 (base 7) to base 6
-141244524
-206075 (base 8) to base 15
-1552e
Convert -2362270 (base 8) to base 6.
-21521424
-232120032 (base 4) to base 6
-4023250
Convert 46502 (base 14) to base 15.
35a75
53373555 (base 8) to base 15
1003164
What is -322120001 (base 4) in base 2?
-111010011000000001
What is -2323322 (base 4) in base 16?
-2efa
Convert -ba908 (base 12) to base 14.
-65c80
What is -5779b0 (base 16) in base 8?
-25674660
5401013 (base 6) to base 4
1000212201
Convert -16e052 (base 16) to base 7.
-15512620
Convert 7468c3 (base 16) to base 3.
112100121000101
What is 1000111000010011111 (base 2) in base 8?
1070237
What is -11250010 (base 6) in base 9?
-581206
9e50b2 (base 16) to base 6
1010214002
-16853774 (base 10) to base 5
-13303310044
Convert -12106a (base 13) to base 11.
-274656
Convert 87749 (base 14) to base 6.
11010221
What is -54406 (base 11) in base 14?
-20b23
11211502 (base 9) to base 15
726da5
-21111314 (base 5) to base 7
-1331431
-1010101101101111001 (base 2) to base 8
-1255571
Convert -33060a (base 16) to base 2.
-1100110000011000001010
-1fb81e (base 16) to base 14
-3c17c2
Convert -222200022 (base 5) to base 9.
-1745416
Convert -8c524 (base 13) to base 11.
-16514a
315344012 (base 6) to base 10
5581448
What is 1315165 (base 7) in base 14?
46adc
What is -22b7a (base 12) in base 14?
-12db0
Convert 1013515 (base 7) to base 4.
131213320
-75196 (base 10) to base 14
-1d592
Convert -172d396 (base 14) to base 13.
-2495422
Convert 1004425 (base 8) to base 3.
111102210011
What is 2327311 (base 8) in base 5?
130301234
What is 789b00 (base 12) in base 10?
1924848
13ab8 (base 15) to base 5
4010143
What is 4150122 (base 6) in base 13?
705c2
212112221202101 (base 3) to base 12
4237ab4
-323413 (base 5) to base 13
-5096
Convert -122112003 (base 4) to base 7.
-626412
2001025 (base 8) to base 4
2000020111
What is a3776 (base 14) in base 3?
202000021201
Convert 10426236 (base 7) to base 8.
3331334
What is 14c6275 (base 13) in base 4?
121130000221
Convert 1200220100012 (base 3) to base 14.
197383
-37b1b1 (base 13) to base 6
-44403434
What is 67316 (base 10) in base 4?
100123310
Convert 4d59ad (base 14) to base 3.
12000110112101
Convert -14d38c (base 15) to base 8.
-3655735
What is 50145421 (base 6) in base 16?
1592f5
549287 (base 10) to base 4
2012012213
-10001002111211 (base 3) to base 11
-a04003
What is -2045 (base 11) in base 5?
-41321
What is 43b086 (base 12) in base 10?
1076646
-4b373 (base 12) to base 13
-37845
Convert -940ae (base 16) to base 9.
-1123717
6d8575 (base 14) to base 13
a13795
Convert -21302112133 (base 4) to base 9.
-4740224
Convert 11220103021 (base 4) to base 2.
101101000010011001001
What is 84a06 (base 12) in base 10?
174246
1431a6 (base 16) to base 9
2436357
What is -477b (base 14) in base 11?
-93a5
What is 21121421 (base 6) in base 13?
187c63
What is 17384c (base 15) in base 9?
2105210
What is -40a51 (base 11) in base 15?
-12ada
-130211320 (base 4) to base 3
-12221122111
Convert -112101111202 (base 3) to base 11.
-183876
-160baa0 (base 12) to base 14
-851ac0
Convert 123042042 (base 5) to base 11.
3781a3
-1efcc6 (base 16) to base 13
-561468
-4b93a6 (base 15) to base 8
-15651155
What is 3766273 (base 9) in base 15?
2a7d59
6668b (base 12) to base 15
2a355
Convert 256332153 (base 7) to base 16.
fa6bd8
-